*2 + 10*s + 4. Let g be h(10). Let j(u) = -u**3 - 5 + 6*u**2 + 2 + g - 3*u - 4. Calculate the remainder when 18 is divided by j(5).
4
What is the remainder when 110 is divided by ((-30)/(-90))/(2/96)?
14
Let d(c) = c**3 - 48*c**2 + 94*c**2 - 46*c**2 + 103. What is the remainder when d(0) is divided by 21?
19
Suppose -21*i - 19 = -23*i - u, i + u = 12. What is the remainder when 454 is divided by i?
6
Let u(j) = -7*j + 13. Let c be u(-6). Let z(t) = -t**3 - 11*t**2 + 11*t - 1. Calculate the remainder when (-22)/c + (-204)/(-10) is divided by z(-12).
9
Let c = -32 + 47. Let i = c - 4. Suppose 2*b = 26 + 14. Calculate the remainder when b is divided by i.
9
Suppose 42*h - 45*h = -171. What is the remainder when 231 is divided by h?
3
Let w = -561 - -592. What is the remainder when 33 is divided by w?
2
What is the remainder when 2832/32 - 1/2 - 7 is divided by 31?
19
Suppose -q = -2*q + 2, d + 2*q = 86. Let g = d - 17. What is the remainder when g is divided by 25?
15
Let n = 29 - 26. Suppose -53 = -5*x + 2*x + 2*j, n*j = -3. What is the remainder when 48 is divided by x?
14
Suppose -16*b = -21*b + 345. Let a = 4 + -4. Suppose -4*c + a*c + 72 = 0. Calculate the remainder when b is divided by c.
15
Let g(b) = -b**2 + 28. Let x be g(0). Suppose -9*h - x = -199. Calculate the remainder when 35 is divided by h.
16
Suppose -4 = 3*q + 4*k, -q - 2*k + 12 = -4*k. Suppose -2*r + 1 = -q*r - 5*m, 3*r = 5*m + 11. What is the remainder when r is divided by 2?
0
Let o = 936 + -908. Let z(n) = -n**3 + 5*n**2 + 9*n - 8. Calculate the remainder when o is divided by z(6).
8
Calculate the remainder when 4512/329*(-1 - (-9)/2) is divided by 18.
12
Let o(l) = -2*l**3 + 7*l**2 - 4*l - 23. Calculate the remainder when o(-4) is divided by 39.
38
Let a(x) = 3*x + 3. Suppose -3*i = 2*t - 4 - 2, 0 = 5*t + 3*i - 15. Let j be a(t). Let g = j - -12. What is the remainder when g is divided by 5?
4
Let y(o) = 32*o + 891. Suppose 188 = 5*f + 33. Calculate the remainder when y(-25) is divided by f.
29
Suppose -5*w + 15 = 0, -2*m - 5*w + 195 = 2*m. Let u = m + -29. What is the remainder when 61 is divided by u?
13
Suppose 0 = 2*o - 71 - 97. Suppose 8*q + o - 492 = 0. Calculate the remainder when q is divided by 18.
15
Let s(q) = 3*q**2 + 11*q - 1. Suppose 4*j + 5*g - 82 = 0, 14 + 18 = 2*j - 2*g. What is the remainder when s(-7) is divided by j?
15
Suppose 3*v + 2*f = 90, 3*v - f - 2*f - 90 = 0. Suppose 8*g - 13*g = -v. Calculate the remainder when 22 is divided by g.
4
Let r(v) = 612*v**2 + 6*v - 2. What is the remainder when r(1) is divided by 69?
64
Suppose m = -4*n - 2, -n - 11 = m - 0*n. Let g(x) = -x**2 - 14*x + 11. Calculate the remainder when 20 is divided by g(m).
9
Let m = -168 + 427. Calculate the remainder when m is divided by 24.
19
Suppose 13*w = -9*w + 1408. Calculate the remainder when w is divided by 23.
18
Let u = 101 - -826. What is the remainder when u is divided by 30?
27
Let w = 142 - 137. Suppose -3*v + 2*z = 7*z - 735, 0 = 4*v + w*z - 985. Calculate the remainder when v is divided by 36.
34
Suppose -4*y + 12 = 4*q, y - 2*q = -y + 14. What is the remainder when (1/4)/(4/(-16))*-9 is divided by y?
4
Let s(p) = -p**3 + 10*p**2 - 7*p + 11. Suppose -108*w = -28*w - 1120. Calculate the remainder when s(8) is divided by w.
13
Suppose 0 = 8*i - 5*i - 12. Let m = -3 - 9. Calculate the remainder when ((-32)/m + -1)*3 is divided by i.
1
Suppose 103 = 3*t - 257. Calculate the remainder when t is divided by 61.
59
Suppose 3*m + 4*k - 10 = 0, -10*m + 6*m + k + 7 = 0. Calculate the remainder when 70 is divided by m.
0
Let q(u) = 3*u - 14. Let a be q(6). Suppose o + 3*s - a = 0, 5*s + 0*s = o - 28. Suppose -o*n + 28 = -11*n. Calculate the remainder when 27 is divided by n.
13
What is the remainder when 27 is divided by (-26)/(5 + -7) + 5?
9
What is the remainder when (1 + (-6)/(-12))*66 is divided by 10?
9
Let k = 38434 - 38407. Let y(x) = 28*x - 8. What is the remainder when y(6) is divided by k?
25
Suppose 0*s - 5*s + 294 = 4*h, -s = -2*h + 154. What is the remainder when h is divided by 11?
10
Suppose 3*v = -601 + 625. What is the remainder when v is divided by 5?
3
Let r(x) = x**2 + 4*x + 3. Let t be r(-3). Suppose -2*s + 16 = -t*s. Suppose -7*p + 78 = -132. Calculate the remainder when p is divided by s.
6
Suppose 26 = 5*a + r, 5*r - 22 = -5*a - 12. What is the remainder when 23 is divided by a?
5
Suppose -2*b + 0 = -6. Suppose -5*a + 215 = -b*p, 3*a + 2*p = 4*a - 43. Suppose 0 = -0*h + h - 22. Calculate the remainder when a is divided by h.
21
Let j = 6 + 2. Let x = j + 8. What is the remainder when 45 is divided by x?
13
Suppose -98 - 938 = -28*g. Calculate the remainder when g is divided by 19.
18
Suppose 0 = 4*x + t - 7 - 6, 4*x + 7 = 3*t. Suppose -x*f = 3*f - 40. Let b(q) = -q**3 + 8*q**2 + 3*q - 4. What is the remainder when 37 is divided by b(f)?
17
Suppose -2*q - 21*n + 26 = -26*n, -2*q + 3*n = -26. Calculate the remainder when 233 is divided by q.
12
Let a = -2 - -3. Calculate the remainder when 2*2 + (-24)/12 is divided by a.
0
Suppose -24242 = -4*z - 24174. Calculate the remainder when (-197)/(-2) + 2/(-4) is divided by z.
13
Let i(f) = -1778 - 1805 + 3624 + 2*f. Let b = 4 + -4. What is the remainder when i(b) is divided by 14?
13
Let q = -570 - -572. What is the remainder when 28 is divided by q?
0
Let a(h) = h**3 - 6*h**2 - h - 8. Let d be a(6). Suppose 10 = p - i, -4*p - 2*i + 31 = -3*i. Calculate the remainder when -1*(4 - d)/(-1) is divided by p.
4
Let s(m) = -m**2 + 13*m - 14. Let f(k) be the second derivative of -2*k**3/3 - 11*k**2/2 - 2*k. What is the remainder when f(-8) is divided by s(11)?
5
Let x be (16/(-12))/(2/(-3)). Suppose -39 = -x*m - m. What is the remainder when (-50)/((-6)/(1 - -2)) is divided by m?
12
Let s(j) = 2*j**3 + 2*j**2 + j - 4. Suppose -2*i - m + 33 = -0*m, -5*i = 5*m - 75. Calculate the remainder when s(3) is divided by i.
17
Suppose -5*j = 4*a - 198, -6*a + 3*a - 3*j = -147. Calculate the remainder when a is divided by 24.
23
Let j = -26 - -49. Suppose 3*v - 164 = -2*u, -4*v + 33 = -u + 137. What is the remainder when u is divided by j?
19
Suppose -2*p - 204 = -6*p. Suppose 4*r + y = p, -7*y = -2*r - 2*y + 31. Suppose 0*o + r = a + o, 2*a - 30 = 2*o. What is the remainder when 39 is divided by a?
11
Suppose 7*i - 4 = 11*i. Let s be -6*-2*(i + 2). Calculate the remainder when 7 is divided by 5/(-30) + 38/s.
1
What is the remainder when 1228 is divided by (0 - 64/6)*45/(-30)?
12
Let j(b) = 13*b + 17. Let p = 67 + -49. What is the remainder when j(4) is divided by p?
15
Suppose 2*i = i + 6. Suppose -4*g + 20 = 3*j, -3*j + 3*g = i*g - 21. Calculate the remainder when j is divided by 5.
3
Let j(m) = -m**3 + 10*m**2 - 7*m - 27. Let l be j(9). Let x(r) = -r**3 - 9*r**2 - r + 1. What is the remainder when 39 is divided by x(l)?
9
Let l = -115 + 120. What is the remainder when (9 + -6)*(-6)/(-2) is divided by l?
4
Suppose 15 = -68*m + 71*m. What is the remainder when 52 is divided by m?
2
Suppose 23*b + 3*b = 8*b + 180. Let v = 4 + 14. What is the remainder when v is divided by b?
8
Suppose 2*j - 188 = -82. Suppose -2*d = -2*t - 0 - 12, 5*t + 8 = 3*d. What is the remainder when j is divided by d?
9
Let q = 0 - -3. Let m(g) = g**2 + 5*g - 11. Let p(t) = -t - 19. Let d be p(-12). Calculate the remainder when m(d) is divided by q.
0
Let d = -37 - -24. Let m(n) = -3*n + 13. Calculate the remainder when m(-10) is divided by 2/(-5)*(-42 + d).
21
Let y = 763 + -284. What is the remainder when y is divided by 6?
5
Suppose 4*l - 532 = -2*a - 0*a, -1052 = -4*a - 5*l. Suppose 0 = -8*w + a - 26. Let q = w + -14. What is the remainder when q is divided by 8?
7
Suppose -2*p + 0*p = 3*n - 131, -5*p + 35 = n. What is the remainder when n is divided by 26?
19
Let k = 214 + -204. What is the remainder when k is divided by 4?
2
Calculate the remainder when 180 is divided by 191/4 + (-35)/(-28) - 0.
33
Let s(y) = y**3 - 5*y**2 - 8*y + 6. Let j be s(6). Let v be (j + 7)/((-1)/(-2)). Suppose -3*g + 55 = v*g. Calculate the remainder when 20 is divided by g.
9
What is the remainder when (2 - 592/(-8))*2 is divided by 77?
75
Let p = -422 + 684. Calculate the remainder when p is divided by 127.
8
Calculate the remainder when 129 is divided by ((-138)/207)